 o. What is the units digit of l?
1
Suppose 0 = -2*h - 4 - 2. Let w be (0 - (-3)/h)*-5. Suppose -y = -w*y + 120. What is the tens digit of y?
3
Let r = 5 - -64. Suppose q + t - r = 6*t, -5*q - 2*t = -291. What is the tens digit of q?
5
Let s(i) = -6*i**2 - 3 + 4*i**2 + 7*i + i**2 + 8. Let k be 6/2*4/3. What is the tens digit of s(k)?
1
Suppose -15 = -2*k + 1. Suppose -2*r - 5*q + k = 0, 4*r + 4*q + 2 = r. What is the tens digit of ((-190)/(-15))/(r/(-9))?
1
Let p be ((-16)/(-12))/((16/(-6))/(-4)). Suppose -7*i + p*i + 1150 = 5*g, 0 = 3*g - 3*i - 660. What is the units digit of g?
5
Suppose -1605 = -25*z + 10*z. Let p = z - -93. What is the tens digit of p?
0
Suppose -4*o = 4*d - 16, 0*o + 2*o = -4*d + 12. Suppose 0*z + 2 = 2*z - 4*i, -d*z - 2*i + 14 = 0. What is the units digit of z?
5
Let w be 7 + (-3 - -2)*1. Let v be (0/4 - 0)/(-2) + -28. What is the units digit of (v/w)/(5/(-30))?
8
Let t be 2/(-6) - 2/(-6). Suppose t = 2*q - 5 + 3. What is the units digit of 27/(-12)*(q - 5)?
9
Suppose 3*r - 5*q = 544, 3 - 201 = -r + 5*q. What is the tens digit of r?
7
Let k = 335 - -221. What is the tens digit of k?
5
Suppose 13*s + 55 = 2*s. What is the tens digit of (s - 602/(-5)) + 3/5?
1
What is the hundreds digit of ((-114 - -7) + 6)*(-1)/1?
1
Let j(h) = -239*h + 3. Let i be j(-2). Suppose 5*q = 2*z + i, -5*q - z + 487 = -0*z. What is the units digit of q?
7
Suppose 35*g - 74401 = -13291. What is the tens digit of g?
4
Suppose -z + 942 = 4*m, 5*m - 1165 = -31*z + 36*z. What is the hundreds digit of m?
2
Suppose 2*t = -2*m + 8, -2*t + t + 4*m = 6. Suppose t*d - 9 = -3*v, -16 = -3*v - 5*d + 2. What is the tens digit of ((-57)/15 - v)*-5?
2
Suppose -v + 3 = -0*v. Suppose -46 = -v*u - 19. What is the units digit of u?
9
Let i(x) = -5*x - 4*x - 2 + 10*x - 4*x + x**2. Let t be i(5). Suppose -t = -2*b + 44. What is the units digit of b?
6
Let g(a) = 85*a + 76. What is the units digit of g(17)?
1
Let b = 19 - 22. Let k(l) = -2*l - 6. Let u be k(b). Suppose -n + 20 = -5*n, u = 5*p + 2*n - 180. What is the units digit of p?
8
Let p = -12 + 18. Suppose p*j = -3*r + 2*j + 10, 0 = -5*r + 2*j + 34. What is the units digit of 14/(0 - r/(-3))?
7
Let w(m) be the second derivative of m**5/20 + 7*m**4/12 - 5*m**3/3 - 2*m**2 - 11*m. What is the tens digit of w(-8)?
1
What is the units digit of 230*11/((-110)/(-4))?
2
Let a = -85 + 141. Let u be a/(-6) + (-34)/51. What is the tens digit of u/(-30) + 130/6?
2
Let j be 2/(-6) + 70/30. Suppose -q = 3*d - 14, j*q - 2*d + 2 + 10 = 0. What is the units digit of 5 + (2 + -2)/q?
5
Suppose 2*c = 18 + 136. What is the tens digit of c?
7
Suppose 2*l + 1164 = -4*t + 3168, 0 = 5*t - l - 2505. What is the tens digit of t?
0
Let f = 12 - 7. Suppose 10 = -2*o - 3*o, -5*q + f*o + 110 = 0. Suppose 25*n - q*n = 10. What is the units digit of n?
2
Suppose 0 = 10*u - 7*u - 12, -h + 1885 = 5*u. What is the tens digit of h?
6
Let g be ((-6)/(-4))/(4/8). Let i be 14/g + 16/(-24). Let a(j) = j**3 - 4*j + 4. What is the tens digit of a(i)?
5
Let f(n) = n**3 - 3*n**2 + n + 4. Suppose -8*b + 3*b = -15. What is the units digit of f(b)?
7
Let k(z) = -100*z + 233. What is the thousands digit of k(-37)?
3
Let m = 5329 + 15362. What is the tens digit of m/117 - (-2)/13?
7
Let b = 16 + -16. Let u(w) = b - 4*w**2 + 3*w**2 - w + 2*w**2 + 1. What is the tens digit of u(-3)?
1
Suppose 3*f = -0*f + 6, -t = -2*f + 9. Let y = 12 + t. Let q = 8 - y. What is the units digit of q?
1
Let f be (-4)/(-3) + 1 + (-3)/9. Suppose 0 = -f*p + 3*p - 88. What is the units digit of p?
8
Let t(g) = -g**2 + 12*g + 10. Let u be t(12). Suppose 22 = -3*r - 2. Let v = r + u. What is the units digit of v?
2
Let y = 577 - 312. Let v = 393 - y. Suppose 2*g - g - 4*i - 17 = 0, 4*g + 4*i - v = 0. What is the units digit of g?
9
Let r be (-2)/5 - (-62)/5. Suppose -r + 2 = -f. Let t = f + -5. What is the units digit of t?
5
Let g = -11 + 12. Suppose w + 1 + 2 = b, 3*w = -b - g. Suppose 17 + 1 = b*s. What is the units digit of s?
9
Suppose -34 = -4*a - 14. Suppose a*q = 20 + 165. What is the tens digit of q?
3
Let l be (0/(-4) - -4)/2. Suppose -341 = -l*f - 4*h + 19, 0 = -2*h + 2. What is the hundreds digit of f?
1
Let h(p) = -p**2 - 14*p - 15. Let o be h(-17). Let q = 101 + o. What is the units digit of q?
5
Suppose g + 3 = 2*g. Let c be 72/(-16)*(-2)/g. What is the tens digit of c + (55 - 0/1)?
5
Suppose 0 = 4*u - 3*a - 87, -1 - 55 = -2*u + 4*a. Suppose -u - 20 = -2*h. What is the tens digit of h?
1
Let q be 1 + 4/(8/10). Suppose 2*h - 5*h = -q. Suppose 0 = -h*d - 3*d + 40. What is the units digit of d?
8
Let v(i) = i**3 - 9*i**2 - 7*i + 4. Let l be v(5). What is the hundreds digit of (5 + -6)*l + -2?
1
What is the units digit of 95/3*48/20?
6
Let o(r) = -8*r - 155. Let a be o(-20). Let f(w) = w - 2. Let j(q) = 1. Let n(m) = 2*f(m) + 3*j(m). What is the units digit of n(a)?
9
Let k be (14/6)/((-11)/(-33)). Suppose t = 25 + k. Suppose -3*s - 2*h + 142 - t = 0, 2*h + 106 = 3*s. What is the tens digit of s?
3
Let j = 16 + -13. Suppose -2 = a - 4*d + 15, 3*d = -j*a - 51. What is the tens digit of 3/(-3) - -3 - a?
1
Suppose 5*p = 4*t + 20830, -4*t = 3*p - 15223 + 2725. What is the thousands digit of p?
4
Suppose 95 = -11*r + 370. Suppose -u + 4*p + 0*p + 9 = 0, 4*u - r = 5*p. What is the units digit of u?
5
Suppose -w - 2 = -10. Suppose -132 = w*c - 420. What is the tens digit of c?
3
Let m = 132 + -92. What is the units digit of 565/(-2)*m/(-100)?
3
Let x(u) = -u**2 + u + 1. Let j be x(-1). Let l(z) = -4*z - 1. Let v be l(j). Suppose v*p = p + 52. What is the units digit of p?
6
Suppose 14*w = 17*w - 6. Suppose -l + 6 = -w. What is the units digit of l?
8
Let h(c) = -2*c - 11. Let s be h(10). Let k = s - 49. What is the tens digit of k*2*1/(-4)?
4
Suppose 3*t = 2*t. Suppose 3*h - 97 - 203 = t. Let f = h + -43. What is the units digit of f?
7
Suppose -3*k = k - 16. Let p be 11056/18 + k/(-18). What is the tens digit of 14/(-84) - p/(-12)?
5
Let j(k) = k**2 - 7*k + 8. Let w = -29 - -19. Let r be j(w). What is the tens digit of r/6 - (-7)/21?
3
Let h = 365 + 8. What is the units digit of h?
3
Let y = 796 + -455. What is the hundreds digit of y?
3
Suppose 886*t = 894*t + 1168. Let y be -2*(-2 + 23)*2. Let u = y - t. What is the tens digit of u?
6
Let c(v) = 1 - v**3 + 1 + 9*v**2 + 1 + 7*v. Suppose -23*l + 18*l = -45. What is the units digit of c(l)?
6
Suppose -296 - 268 = -4*a - 4*t, 3*t + 149 = a. What is the hundreds digit of a?
1
Let d be (-73)/(-5) - 2/(-5). Let i = 155 - 125. Let f = i - d. What is the tens digit of f?
1
Let u(f) = f**3 - 4*f**2 + 2*f - 6. Let q be u(4). Let w be 3/q - 284/8. Let m = w + 61. What is the units digit of m?
7
Suppose 0 = -7*o + 15*o - 4152. What is the units digit of o?
9
Suppose 4*q + 2*w = 930, -q + 283 - 46 = -4*w. What is the hundreds digit of q?
2
Let r(s) = -s**3 - 21*s**2 - 19*s + 26. Let u be r(-20). What is the tens digit of 129/3*(u - 5)?
4
Let v(n) = n + 1. Let d be v(2). What is the units digit of d/2*368/12?
6
Let y(s) = 8*s**2 + 5*s - 9. Let f be y(-4). Let u = -42 + f. Suppose -u = -j - 8. What is the units digit of j?
9
Let a = 24 + 62. Suppose 5*w - a = 49. What is the tens digit of w?
2
Suppose 2164 = 10*n - 3526. What is the tens digit of n?
6
Let d be (2/(-4)*1)/((-2)/20). Let j(q) = 32*q + 4. What is the units digit of j(d)?
4
Suppose -582 = -8*c + 1498. What is the hundreds digit of c?
2
Let r = 67 + -71. Let h(k) = 3*k**2 - 8*k - 17. What is the units digit of h(r)?
3
Let b(i) = -i**3 - 6*i**2 - 4*i + 1. Let l = -8 + 13. Suppose -31 = l*f - 1. What is the units digit of b(f)?
5
Suppose 1 = 5*p - 1579. Suppose f - 5*a - 65 = 8, 0 = 4*f + 4*a - p. What is the tens digit of f?
7
Let o = -132 + 157. Let l = o + 210. What is the tens digit of l?
3
Let r = -35 - -6. Let u = r - -27. Let b = 11 - u. What is the units digit of b?
3
Let i = 36 + -32. Suppose -5*d + 231 - 83 = r, -3*d + 609 = i*r. What is the units digit of r?
3
Suppose 33 = 2*n - 253. What is the hundreds digit of n?
1
Let s(t) = -3*t**3 + 13*t**2 + 12*t - 3. Let d be s(6). What is the tens digit of (1 - d)/4 - 2?
2
Suppose 2*k - 9915 = -5*u, 0 = 3*k - u + 4292 - 19122. What is the hundreds digit of k?
9
Let p(s) be the second derivative of 121*s**4/12 + s**3/2 + s**2 - 22*